*b, 4*t + 21 = 2*b - 43. What is the highest common factor of 24 and b?
8
Let z(t) = 3*t**2 + 19*t - 9. Let h be z(-7). Suppose -3*g + 17 = 4*m + 5, 5*m = -h*g + 20. Calculate the highest common factor of 1 and g.
1
Let u(h) = h**2 - 10*h + 30. Let p be u(5). Suppose -11 + 44 = d + 5*a, -3*d + 69 = p*a. What is the greatest common factor of 4 and d?
2
Let v be ((0 - 1) + 2)*5. Suppose 4*u = v*a + 5*u - 1027, -12 = 4*u. Suppose 4*c + 5*n - 403 = 2*c, c = -n + a. What is the greatest common divisor of c and 19?
19
Suppose -16025 = 14*h - 3663. Let n = h - -1731. What is the highest common divisor of n and 16?
16
Suppose 102*u - 18 = 105*u, 1236 = 4*q + 2*u. Calculate the greatest common factor of q and 351.
39
Let x be (11 + -6)/10 + (-6435)/(-6). Suppose x = 5*y + 223. Calculate the greatest common factor of y and 34.
34
Let y = -1981 - -1987. Suppose -376 = -6*v + 2*v. Let f = v - y. Calculate the greatest common factor of f and 11.
11
Let c = -26 + 30. Suppose -4 = -c*x + 136. Let y(w) = -w**2 - 4*w + 1. Let p be y(-2). Calculate the greatest common divisor of x and p.
5
Let o = 53 - 49. Let g = 34 + -30. Suppose -g*t + 5*t = o. What is the greatest common divisor of 6 and t?
2
Let s(c) = -22*c**3 - 2*c**2 - 61*c - 20. Let n be s(-6). Calculate the highest common factor of 42 and n.
14
Suppose -3*s + a + 1649 = 0, 4*a - 695 = -691. What is the highest common factor of 121 and s?
11
Let f = 41 - 48. Let l = f + 7. Suppose l = 11*x - 7*x - 36. What is the highest common factor of 45 and x?
9
Suppose -4*p + 2 = -2, -5*r = -5*p - 15. Suppose -5*j - 1 = -26, -3*y + 68 = r*j. What is the highest common factor of 8 and y?
8
Suppose 15 = -8*z + 5*z, -f = 2*z + 103. Let u be 2 + (0 - 0) + (f - -95). Let y(l) = -l + 36. Let k be y(0). Calculate the greatest common factor of k and u.
4
Let b = 483 + -303. Suppose 0 = 4*x - 9*x + b. Let f be (-2)/2*-37 + -1. Calculate the greatest common factor of f and x.
36
Suppose -737*h + 1490*h = 746*h + 224. What is the highest common divisor of h and 824?
8
Let x = -25444 + 25449. Let z = -17 + 3. Let o = z + 49. What is the greatest common divisor of o and x?
5
Let f(r) = -2*r**3 - 8*r**2 + 12*r + 43. Let g be f(-6). Suppose -i + 61 + 4 = 3*d, 3*i - g = -5*d. Calculate the greatest common factor of d and 540.
20
Let h = -4 - -6. Suppose 0 = 2*u - r + 15, -18 = u + 3*u + h*r. Let s(n) = n**2 + 6*n + 20. Let d be s(u). Calculate the highest common divisor of d and 40.
20
Let c be 1*(-14)/(2/(-2)). Let d = -61 - -66. Suppose -32 = -2*q - h + 3*h, -2*h = -d*q + 95. Calculate the highest common factor of q and c.
7
Let u = -15 - -20. Suppose -u*z + 8*z = 810. Suppose -5 = 2*o + 5*k - z, -6 = 2*k. Calculate the greatest common divisor of o and 20.
20
Suppose 13*m = 5765 - 2957. Calculate the highest common factor of 12690 and m.
54
Let u = 618 - -1403. What is the greatest common divisor of u and 47?
47
Let d be 18 - (9/(-21) + 952/49 + -11). Let v = 0 + 4. Suppose 119 = v*w - 181. Calculate the greatest common factor of w and d.
5
Let r(x) = x**2 + 5*x - 3. Let v be r(6). Let u be (-189)/2160*-10*32. Calculate the greatest common divisor of v and u.
7
Let w = 103 + -104. Let r = w - -3. Suppose 213 = 3*c - 0*c - h, -r*h + 274 = 4*c. Calculate the greatest common divisor of c and 10.
10
Suppose 2*m + 80 = 12*m. Suppose 4*i + v = -v + 292, -m = -2*v. Suppose 3*t = -i + 83. Calculate the highest common factor of t and 4.
4
Let d = 82 - 172. Let m = d + 111. Let o = -20 + m. What is the highest common factor of 9 and o?
1
Let p(h) = -9*h - 16. Suppose 4*m - 16 = -4*f, -f + 5*m = -5*f + 15. Let z be p(f). Let o = z - -66. Calculate the highest common divisor of 1 and o.
1
Let m(l) = 351*l**2 + 18*l + 18. Let g = 557 - 558. Let r be m(g). What is the highest common divisor of 13 and r?
13
Let g(n) = n**3 - 10*n**2 - 15*n + 74. Suppose -8*t + 51 = -3*t - 2*f, -4*t - f = -46. Let x be g(t). What is the greatest common factor of x and 690?
30
Let u = -25142 - -36105. Calculate the highest common divisor of u and 19.
19
Suppose 35*r - 19*r - 2771 + 67 = 0. What is the greatest common factor of 689 and r?
13
Let n be 447 - 108/(-12) - (-11)/(-1). What is the highest common divisor of 12638 and n?
89
Suppose 0 = -4*l - j + 2478 - 46, 5*l - 4*j - 3082 = 0. What is the highest common divisor of l and 110?
10
Let s be (91/(-182))/(1 + (-30)/28). Let f(j) = 2*j**2 + 5*j - 43. Let w be f(s). Calculate the greatest common factor of w and 81.
9
Let g = 18 - 2. Suppose q - 6 = 2*o, -4*o - 2*q - g = -5*q. Let z = o + 6. What is the greatest common divisor of 10 and z?
5
Suppose 451 = 2*j + 5*q, -q + 475 = 2*j - 4*q. Suppose -9*k = 8 - j. Let l = 248 - -27. Calculate the greatest common divisor of l and k.
25
Let f be (1*0/(-1))/(-2). Suppose 0 = -3*g - 12, 2*s - 138 = 2*g - f*g. Calculate the highest common factor of 52 and s.
13
Let n = 53 + -53. Suppose 2*l - 3*l + 3 = n. Suppose l*v + 15 = 57. Calculate the highest common divisor of v and 14.
14
Let k(u) = -3*u**3 - 1. Let h be k(-1). Let q be (15 - 0 - h) + 1. Suppose 153 - 2596 = -60*n - 343. Calculate the highest common divisor of q and n.
7
Let a = 4 + 32. Let z(i) = -8*i**2 - 13*i - 4. Let n be z(4). Let p be (-3)/(-2)*n/(-69). What is the greatest common factor of a and p?
4
Let k(q) = 28*q**2 + 64*q + 124. Let v be k(-2). What is the highest common factor of 672 and v?
12
Let c(b) = 15*b**2 + b + 40. Let f be c(0). Let d be (-1352)/(-9) + 30/(-135). What is the highest common divisor of d and f?
10
Let k = -311 - 7. Let d = 327 + k. What is the greatest common divisor of 9 and d?
9
Suppose -3*w = -4*x - 18218, 6*x = -3*w + 8929 + 9239. What is the highest common factor of 72 and w?
18
Let c be (23/(-4)*46 - -2)*11452/(-1227). What is the highest common divisor of 850 and c?
50
Suppose 0 = -5*b - 2*j - 28, 3*b + 2*j - 2 = -18. Let w be 5 - (4 + (b - 3)). Calculate the greatest common factor of 10 and w.
10
Let t(a) be the second derivative of 2*a**2 + 0*a**3 + 20*a + 1/6*a**4 + 0. Let d be t(3). Calculate the highest common divisor of 176 and d.
22
Suppose 163*m + 160*m + 477393 = 1635025. Calculate the highest common divisor of 14 and m.
14
Let u = -81 - -77. Let l(y) = -y + 12. Let k be l(u). Let b(t) = -t**3 + 15*t**2 + 20*t - 25. Let x be b(k). What is the highest common factor of 26 and x?
13
Suppose -4*k = -68 - 184. Let n be (-18)/21*105/(-10)*2. What is the greatest common divisor of n and k?
9
Suppose -68900 = -11*y - 109*y + 14*y. What is the greatest common factor of y and 1495?
65
Suppose -96*d + 92*d + 945 = -5*o, -d + 235 = -o. Calculate the highest common divisor of 506 and d.
46
Let x(k) = k**3 - 14*k**2 - 19*k + 393. Let d be x(15). What is the highest common factor of 162 and d?
9
Suppose 0 = -23*y + 20*y + 60. Suppose -y*x = 371 - 1531. What is the greatest common factor of 58 and x?
58
Suppose -16*s = -33*s - 17. Let n be 15/((-68)/221*s/20). Calculate the highest common factor of n and 39.
39
Suppose -4 = -2*z - 0*z. Suppose -z*j - 33 = -3*j. Calculate the highest common divisor of j and 11.
11
Let p be 1/(-2) - (-109)/2. Suppose 25*i = 11*i + 11788. Let z = 869 - i. Calculate the greatest common factor of p and z.
27
Let o = -178 - -205. Let a = 76 + -49. What is the greatest common divisor of a and o?
27
Suppose h - 44*k - 211 = -45*k, -4*k - 206 = -h. Suppose -6*n + 64 = -116. Calculate the greatest common divisor of h and n.
30
Let k be 9 + 18/(-3) + -3 - (-2 + -17452). What is the greatest common factor of 6 and k?
6
Let a be ((-4624)/680)/((-2)/135). What is the greatest common divisor of a and 833?
17
Suppose 4*x + 12 = 0, -198 = -3*c + 3*x - 2*x. Suppose 0 = 3*w + 2*r - 35, -r + 2*r = -4*w + 50. What is the highest common factor of w and c?
13
Let i be 44*(-8 - -6)*1. Let g be (i/40 + 1)/((-6)/410). Calculate the highest common divisor of 369 and g.
41
Let f = 14617 - 9073. Calculate the highest common factor of 176 and f.
88
Let q = -153 + 7. Let k = q + 156. Calculate the greatest common divisor of k and 65.
5
Let r(d) = d**2 + 2*d. Let m be r(-4). Let f = 514 + -506. What is the highest common factor of m and f?
8
Suppose -5*a = z - 1250, -a - 5*z + 210 = -40. What is the highest common factor of 420 and a?
10
Let a = 7 + -6. Let k(v) = 65*v**